-4*h + 3137 = 5*q. Suppose -f + q = -19. What is the units digit of f?
4
Suppose -11*c = -15*c - 3*y - 9, 4*c + 6 = -2*y. Suppose -g + 429 + 166 = 2*a, 2*g + 2*a - 1188 = c. What is the tens digit of g?
9
Suppose r + 117 = h + 2*r, 3*r - 469 = -4*h. Suppose -2*f = 3*f + s - 566, 0 = 4*f + 5*s - 436. Let t = h - f. What is the units digit of t?
4
Let r(l) = l**3 - 24*l + 7. Let z(f) = -f + 1 - 2 + 24*f - 6 - f**3 - f**2. Let y(w) = 4*r(w) + 5*z(w). What is the tens digit of y(-8)?
3
Let a = -211 + 225. Suppose 5*j - 15 = 0, 3*s + a = 2*j + 1157. What is the hundreds digit of s?
3
Let m = -120 + 123. Suppose 1442 = 2*j + r + 3*r, m*r - 9 = 0. What is the hundreds digit of (-1)/3*(16 - j)?
2
Let a(j) = 2*j**2 + 4*j + 2. Let m be a(-7). Suppose f + m = 7*f. Suppose -h = -5 - f. What is the tens digit of h?
1
Suppose 11*a - 110380 = 35*a - 455836. What is the ten thousands digit of a?
1
Suppose -12*v = -10*v - 6. Suppose v + 53 = r. Let s = 37 + r. What is the tens digit of s?
9
Suppose -26*z - 8 = -30*z. What is the thousands digit of (13 - -1676)*(-2)/(-4)*z?
1
Suppose -4*d + 51671 = -95869. What is the units digit of d?
5
Let z(i) = 50*i**2 + 7*i - 15. Let t be 27/36*(-2 - -6). What is the tens digit of z(t)?
5
Let y(f) = 3*f**2 + 14*f - 24. Let a be y(3). Let q(i) = 13*i + 324. What is the units digit of q(a)?
9
Suppose -5*a = 0, k + 3*a = 26446 + 659. What is the ten thousands digit of k?
2
Suppose -3*k = -221*u + 218*u - 330, 2*k = 3*u + 325. Let o = -32 + -32. Let a = o - u. What is the units digit of a?
1
Suppose 56322*j - 363425 = 56297*j. What is the ten thousands digit of j?
1
Let h(o) = 3*o**2 + 51*o - 23. Let i(f) = -77*f + 35. Let g(d) = d**2. Let l(r) = 5*g(r) - i(r). Let m(n) = 8*h(n) - 5*l(n). What is the tens digit of m(18)?
8
Let a = -429 + 429. Suppose -32*w + 37*w - 6975 = a. What is the hundreds digit of w?
3
Let a(o) = 45 + 6*o + 3 + 17. What is the tens digit of a(10)?
2
Let q be (304 - 3) + 6 + 0. Suppose b = 30 + q. What is the units digit of b?
7
Suppose 22*s = -7*s + 91002. Suppose -3*f - 3*n = -0*n - s, 4*n - 5229 = -5*f. What is the hundreds digit of f?
0
Suppose v = 5*t - 106136 - 138389, 5*t - 2*v = 244525. What is the thousands digit of t?
8
Let u = 1046 - 695. Suppose 0 = -4*l + 20, -k = 2*l - u + 73. What is the units digit of k?
8
Suppose -255*s + 247*s + 8344 = 0. What is the thousands digit of s?
1
Let d be (-1 - -19)*2/3. Suppose -4*j + d = 2*j. Suppose n - 3*q - 53 + 2 = 0, j*n - 4*q = 112. What is the tens digit of n?
6
Let q = 94 + -86. Suppose -g = 4*g - 5*k + 5, -4*k + q = -2*g. Suppose 3*y - 2*t + 40 = 335, g*y + 2*t - 200 = 0. What is the units digit of y?
9
Let o = 148 + -91. Suppose -8*s + o = -1855. What is the hundreds digit of s?
2
What is the ten thousands digit of (-784824)/(-18) + 24/(-18)?
4
Let r = -31 + 70. Let s = 41 - r. What is the hundreds digit of (-34)/5*(-2 - s*14)?
2
Suppose 4*c + c - 5 = 0, 82 = 4*s + 2*c. Suppose -s*o = -25*o + 1185. What is the hundreds digit of o?
2
Let y = 6400 + -3774. Suppose -o = 3*o + k - 2103, 4*k = -5*o + y. Suppose -o = -5*i + 159. What is the tens digit of i?
3
Let r(a) = -60*a + 22. Let m be r(3). What is the tens digit of (9 - 3) + m/(-1)?
6
Let f(l) be the second derivative of -l**5/20 + 23*l**4/12 - 5*l**3/6 + 29*l**2/2 + 3*l - 7. What is the thousands digit of f(12)?
1
Let c be (40/15)/((-3)/1692). Let q = -889 - c. What is the tens digit of q?
1
Suppose 0 = k + 5*r, -5*k + 0 = -r - 26. Let t(z) = 553*z**3 - 4*z**2 + 0*z + 2*z - 1 - 551*z**3 - 3. What is the units digit of t(k)?
6
Suppose 5*g - 48 = 4*g. Let p = 23 + g. Suppose 0*d + 5*s + p = d, -4*s + 188 = 4*d. What is the tens digit of d?
5
What is the thousands digit of -4*(36638/(-14) + -13)?
0
What is the thousands digit of (-10)/(-15) - (1/((-27)/9) + -44978)?
4
Let y(k) = 6 - 5 + 3*k**2 + 0 - 2*k**2. Let h be y(2). Suppose 2*g - 5*l = 218, -h*g + 0*g = -5*l - 575. What is the hundreds digit of g?
1
Let f = -2526 + 4252. What is the hundreds digit of f?
7
Suppose -1316*k + 1320*k = 143132. Suppose 16481 = 47*d - k. What is the thousands digit of d?
1
Suppose d = 3, 0 = -38*t + 33*t + 5*d + 10665. Suppose 43*k = 39*k + t. What is the tens digit of k?
3
Let t be -3*7/3 - -6. What is the hundreds digit of (t - 0)/(7 + -6) + 440?
4
Let s(c) = -59*c**3 - 14*c**2 - 25*c + 334. What is the thousands digit of s(-6)?
2
Let u(z) = z**2 + z + 1. Let o be u(-6). Let t(r) = -4*r**3 + 18*r**2 + 3*r - 10. Let x be t(4). Let s = o + x. What is the tens digit of s?
6
Suppose 2*l + 2*l + 3*k = 19304, -4*l = -2*k - 19284. What is the tens digit of l?
2
What is the tens digit of (29/((-348)/33072))/(-4 - -2)?
7
Let s be (0 + -2)/(2*2/(-6)). Suppose -2*t + 2*r + 362 = -t, s*t - 3*r - 1101 = 0. Suppose -658 = -10*v + t. What is the tens digit of v?
0
Suppose 4*k = -130 - 90. Suppose 2*o + o - 10329 = 0. What is the tens digit of 4/10 - o/k?
6
Let f(g) = -1607*g - 4793. What is the tens digit of f(-25)?
8
Let o(k) = -192*k**3 - 14*k**2 - 25*k + 5. What is the units digit of o(-5)?
0
Let d = 91 + -65. Let b(h) = -38*h**2 - h + 1. Let i(j) = 77*j**2 - 34*j + 88. Let t(l) = -2*b(l) - i(l). What is the units digit of t(d)?
0
Let k = -13 + 24. Suppose -3*t + 36 = 2*q, -q + k = -t - t. Suppose 6*x - 5*z = x + q, 5*z + 7 = 3*x. What is the units digit of x?
4
Suppose 8*b + 32 = 1000. Suppose 126*r - b*r - 7820 = 0. What is the tens digit of r?
6
Let d be (-9)/(-5) - 3/(-15). Suppose 0 = 7*y + 3*y - 22 - 18. Suppose -4*k - d = -v + 26, y*v - 3*k = 125. What is the tens digit of v?
3
Let p(l) = 6*l + 31. Let b be p(-12). Let h = b - -41. Suppose h = z + 21 - 139. What is the hundreds digit of z?
1
Suppose 11*k + 15 - 48 = 0. Suppose k*m - 4209 = 2*q, -16*m + 14*m = q - 2799. What is the thousands digit of m?
1
Suppose 0 = 14354*h - 14372*h + 106164. What is the hundreds digit of h?
8
Let b(z) = 8*z - 52*z - 35 + 25. What is the units digit of b(-10)?
0
Suppose 16*i = 1056203 - 91947. What is the hundreds digit of i?
2
Suppose 0 = -55*f - 26*f - 1436914 + 3585034. What is the units digit of f?
0
Let q be ((-2)/(18/183))/((-35)/525). Let h be -1 - ((-4)/(-2))/(-2). Suppose 0 = 3*j - l - 438, 5*l = 2*j - h*j - q. What is the tens digit of j?
4
What is the ten thousands digit of (-51148)/(-5) - (-5)/((-200)/(-16))?
1
Suppose -c + 31 = -18. Let k = c - 42. Suppose 66 + 613 = k*r. What is the units digit of r?
7
Suppose 67442 = 159*j - 157*j - 3*c, 5*j = 5*c + 168610. What is the ten thousands digit of j?
3
Suppose 0 = -4*v + f + 3005, 0 = 3*v + 2*v + 5*f - 3725. Suppose 5*s = -0*s + v. Suppose -4*a = -9*a + s. What is the tens digit of a?
3
Let h(r) = 11*r + 87. Let z(q) = 14*q - 8. Let g be z(2). What is the tens digit of h(g)?
0
Let k(g) be the second derivative of g**5/5 + g**4/12 - g**3/3 + 2*g**2 + 2*g. Suppose 33*x + 424 = 523. What is the units digit of k(x)?
5
Let s = -17 - -242. Suppose -5*l + 260 = s. What is the units digit of l?
7
Let v = -2697 + 9446. What is the thousands digit of v?
6
Let i be ((-480)/(-112))/(1/(-7)). Let s be 81/15 - 3*(-4)/i. Suppose 154 = 4*d - s*y - 1, -4*d + 163 = 3*y. What is the tens digit of d?
4
Suppose 4*u = -u - 95. Suppose -3 = 3*a + 6, 160 = 5*o + 5*a. Let d = u + o. What is the tens digit of d?
1
Suppose 4*h + h + 65 = 5*g, -3*h = 4*g - 52. Suppose 3*j + 0 = 4*l - g, 8 = 2*l - 2*j. Suppose k - 116 - l = 0. What is the tens digit of k?
1
Let n(l) = l**3 - 9*l**2 + 8*l + 5. Let k be n(8). Suppose 2*s - 11 = j, -j + s - k*s = -19. What is the tens digit of (42/j)/((-7)/14)?
8
Let i be -6 - (9 + -23) - -1276. Let g = 2407 - i. What is the units digit of g?
3
Let k be (4/(-5))/(-4 + 126/35). Let b(t) = 4*t**2 + 1 + 13*t + 2*t**2 + 4*t**k - 7*t**2. What is the units digit of b(-8)?
9
Suppose 1371095 = 103*s - 890888. What is the units digit of s?
1
Let j(d) = -d - 13. Let l be j(-22). Suppose -5*u + 3*x + 260 = 0, -4*u - l*x = -14*x - 208. What is the tens digit of u?
5
Let m = 752 + -749. Let l(d) = d**2 - 3*d + 5. Let b be l(4). Let s = m + b. What is the units digit of s?
2
Let t be (-5 - 1)*(-840)/(-16). Let h = 565 + t. What is the hundreds digit of h?
2
Suppose 20 = 8*c - 3*c. Suppose 0 = -5*i + i - 5*o - 12, 0 = -5*i + c*o + 26. Let w = 17 + i. What is the units digit of w?
9
